 0 + 1/6*q**3 - 2*q - 1/2*q**2. Let n(w) = -3*w + 11. Let p(z) = 4*g(z) + n(z). Give p(-6).
1
Let t(d) = -d**3 + d**2 - d - 1. Suppose s - 3 = 1. Let i(n) = -9*n**3 + 3*n**2 - 4*n - 4. Let x(u) = s*t(u) - i(u). Suppose -5 = -m - 6. Determine x(m).
-4
Let g be (21/(-15) + 0)/(6/(-5)). Let u(m) be the second derivative of 4*m + 0 + 1/2*m**2 + g*m**3. Give u(1).
8
Let c(d) be the first derivative of -d**3/3 + 3*d**2/2 - 3*d - 10. What is c(2)?
-1
Let a(x) = 4 + 4 + 4*x + 3*x - 5. Calculate a(-3).
-18
Let r(c) = c**3 + 2*c**2 + 2*c + 1. Let x be r(-1). Let q(b) = 4*b**3 + 3*b**2 - 6. Let n(h) = 5*h**3 + 4*h**2 - 6. Let v(f) = -3*n(f) + 4*q(f). Determine v(x).
-6
Let z(g) = g**2 - g - 2. Let k be z(-2). Suppose -5*r - k*v - 20 = -v, 8 = -2*r - 3*v. Let t(c) = -c**2 - 2*c + 2. What is t(r)?
-6
Let r(l) be the third derivative of l**5/60 + l**4/4 + l**3 + 10*l**2. Determine r(-4).
-2
Let c(b) = -b**2 + b. Let l be c(2). Let t = -2 - l. Let z(w) = 3*w**2 + w - 10. Let m(a) = 16*a**2 + 5*a - 51. Let p(x) = -2*m(x) + 11*z(x). What is p(t)?
-8
Suppose 0 = -7*c - 21. Let z(g) = g - 2. What is z(c)?
-5
Suppose r - 5 = -3*b + 2*b, -4*r - 5*b = -21. Let g(l) = -4*l - r + 5 + 4*l - 4*l. What is g(-1)?
5
Let t(k) be the first derivative of -5*k**2/2 + 2. Let a(s) = 4*s - 1. Let y(c) = 4*a(c) + 3*t(c). Let h be (-1)/(4/(-24)) + (-8)/4. Determine y(h).
0
Let i(x) = 2*x**2 + 4 + 0*x**2 - 3*x**2 + 3*x + 2*x**2. Let f(q) = -q - 6. Let v be f(-3). Determine i(v).
4
Let h(a) = 6*a - 3 + 1 + 1 - 3 + a**2. Give h(-6).
-4
Let l(w) be the first derivative of -w**3/3 + 9*w**2/2 - 9*w + 8. Determine l(7).
5
Let h(x) = x**2 - 2*x + 1. Suppose -2*r + 32 = 28. Calculate h(r).
1
Let w(r) be the second derivative of r**3 - r**2/2 + 2*r. Determine w(-1).
-7
Let v be (-72)/(-33) - (-8)/(-44). Let q(x) = -x**2 + x - 5*x - x - 1 + v*x. Determine q(-3).
-1
Let p(q) = 2*q + 2. Suppose 6 = 3*h - 6. Suppose -h*n - 4 = -3*n. Give p(n).
-6
Let f = 1 - 1. Let s = 13 - 8. Let g(y) = -s*y + 5*y + y**2 - y - 1. Determine g(f).
-1
Let g(r) = -5*r**2 - 36*r - 31. Let c(h) = -h**2 - 7*h - 6. Let a(p) = 11*c(p) - 2*g(p). What is a(-3)?
2
Let v(z) = z**2 + 6*z. Let x = 1 - 6. What is v(x)?
-5
Let g(j) be the first derivative of -j**4/4 + 4*j**3/3 - j**2/2 - 5*j - 10. Determine g(4).
-9
Let g(y) = -y**2 + 9*y + 3. Let v be g(9). Let k be (2/v)/(2/24). Suppose 2*i = -8, -3*q - 5*i = q + k. Let s(m) = m**3 - 4*m**2 + 3*m - 3. What is s(q)?
-3
Let y(o) = -7*o**3 + 4*o**2 - 6*o + 1. Let j(w) = 6*w**3 - 4*w**2 + 5*w - 1. Let p(n) = -6*j(n) - 5*y(n). What is p(4)?
1
Let l(f) = -f**2 - f + 3. Let t(s) = -s - 1. Let a(k) = -5*k - 9. Let o(c) = -a(c) + 4*t(c). Let j be o(-9). What is l(j)?
-9
Let r(m) = m**3 - 6*m**2 - 8*m + 3. Let f be r(7). Let z(n) = 2*n**2 + 4*n - 4. Give z(f).
12
Let v(h) be the second derivative of h**4/12 + h**3/6 + 7*h**2/2 + h. Let q = -4 + 14. Suppose -k - 2*w = k - q, -k = 5*w - 25. Give v(k).
7
Let z = 5 - 3. Let v(t) = 3*t**z + 8*t - 2*t**2 - 2*t + 4 - t. Determine v(-4).
0
Let a = 31/60 - 7/20. Let p(x) be the second derivative of 0 - 4*x + a*x**3 + 1/12*x**4 - 1/2*x**2. Calculate p(1).
1
Let p(l) = 17*l - 28. Let d(c) = 4*c - 7. Let n(g) = 9*d(g) - 2*p(g). Let s(r) = r**2 + r. Suppose -2 = -w - 0. Let h be s(w). Determine n(h).
5
Let h be 2 - (2*3)/1. Let n(r) be the first derivative of r**3/3 + r**2 - 4*r + 18. Calculate n(h).
4
Let n = 0 + 4. Let i be 13/(-3) + n/(-6). Let c(q) = -5*q**2 - 3*q - 7. Let v(u) = -u**2 + u. Let o(w) = c(w) - 4*v(w). Give o(i).
3
Let y(l) = -l - 8. Suppose -2*v = -5*v + 39. Let s = -13 + v. Give y(s).
-8
Let m(i) = 2*i**2 + i**3 - 11*i - 9*i**2 + 15*i + 5 - 1. Determine m(6).
-8
Let k(d) = d**2 - 5*d + 4. Let u be ((-12)/16)/(1/(-4)). Suppose 5*l - 3*t - 7 = 7, -l = -u*t + 2. Calculate k(l).
0
Let b(h) = -h**2 + 3*h + 5. Let a(g) be the first derivative of g**3/3 - 3*g**2 - 3*g - 1. Let i be a(7). What is b(i)?
1
Let l(p) = -p**2 - 8*p + 11. Let f be l(-9). Suppose -2*b = -2*n - 12, -n + b = -f*b. Let q = n - -13. Let t(g) = g**2 - 4*g - 3. What is t(q)?
-3
Let s = -5 - 0. Let k(d) = -d**2 - 5*d - 2. What is k(s)?
-2
Let g = 66 - 61. Let l(n) = 0*n + 6 + n - 2*n. What is l(g)?
1
Let t(s) = -s - 2. Let l be 4/(-2)*(-19)/(-2). Let q be (-2)/(-7) + l/(-7). Calculate t(q).
-5
Suppose 3*m - 8*w = -3*w + 21, 0 = 2*w + 6. Let g(v) be the second derivative of -1/10*v**5 + v - 1/2*v**3 + 0 + 1/4*v**4 + 0*v**2. Give g(m).
-10
Let z(k) = -k**3 + 4*k**2 + k + 5. Let q = 51 + -47. Determine z(q).
9
Let r(h) be the first derivative of h**4/4 - h**3/3 + 2*h - 6. Let w be r(0). Let t(k) = -2*k**2 + 2*k. Give t(w).
-4
Suppose 9 = 3*j - 9. Suppose -4*k + 6 = -m, 0 = -5*k - m + 3*m + j. Let r(s) = s**3 - 3*s**2 + 4*s - 3. Calculate r(k).
1
Let m(b) = 3*b**2 + b**2 + 2*b - 2*b**2 - 2 + 1 - b**3. Let q = 6 + 2. Let g = q + -5. Determine m(g).
-4
Let q(w) = -w + 9. Let z = -12 + 18. Determine q(z).
3
Let s(w) = w**3 - 2*w**2 - 2*w + 3. Suppose -i + 3 + 2 = 0. Suppose -2 = -l + 2*r, 2*r + 2*r = i*l - 10. What is s(l)?
-1
Let w(l) = l - 3. Let m be w(3). Suppose m = 2*p + p - 12, -3*s + 2*p = -1. Let y(d) = -2*d + s*d + 1 - 4. Determine y(-4).
-7
Let y(g) = 2*g**3 + 3*g**2 - g - 2. Suppose -2*t + 8 = 2*r - 4*t, -10 = -4*r - 2*t. Suppose 8 = r*l + l. Let i = 0 - l. Determine y(i).
-4
Let a = 11 - 6. Suppose -13 + a = 4*l. Let f(t) be the second derivative of t**4/12 - t**3/6 - t**2 + t. What is f(l)?
4
Let w(d) be the first derivative of 5/2*d**2 + 1/3*d**3 + 2 - 8*d. Let j be w(-7). Let g(a) = -a + 5. What is g(j)?
-1
Let p(o) = -o**2. Let u(h) = 3*h**2 + h - 4. Let z(r) = 2*p(r) + u(r). Give z(4).
16
Let n(q) = -8*q**2 - 2*q - 1. Let r be (-4)/(-6) - 15/9. Give n(r).
-7
Let f(c) be the third derivative of -c**4/24 + 6*c**2. Let z be (-10)/(-4)*6/5. Determine f(z).
-3
Let w(s) = s**2 + s + 14. Let l(o) = -o - 2. Let b be l(-4). Let r(v) = 2 + 2 + b - 1. Let f(u) = -8*r(u) + 3*w(u). What is f(-2)?
8
Let y = -187 - -189. Let x(a) = -2*a**3 + 4*a**2 - 3*a. Calculate x(y).
-6
Suppose 0*g + 9 = 3*g. Let a(i) = -1 + g - 3 - 3*i + 9*i. Determine a(2).
11
Let l(x) = -2 - x**2 + 2*x - x + 0. Suppose -7 = 4*z - 4*h + 5, 2*z + 16 = 4*h. Suppose 0 = 6*s - z*s. What is l(s)?
-2
Let o(b) = b**3 + b**2 + 15. Let l = -2 + -8. Let i = l - -10. Calculate o(i).
15
Let k = 31 - 25. Let q(n) = -n**2 + 8*n - 9. What is q(k)?
3
Let r(u) be the second derivative of u**5/20 + u**4/12 - u**3/6 + 9*u**2 - 28*u. Calculate r(0).
18
Let t(v) = v + 1. Let m(l) = 2*l - 3. Let p be m(2). Let c(r) = 9*r + 3. Let u(a) = p*c(a) - 4*t(a). Let w be (-2)/(-4)*-2 - -2. Determine u(w).
4
Let g(o) = o + 7. Let a be g(-10). Let n(q) = q - 16. Let f(y) = 5. Let z(x) = 7*f(x) + 2*n(x). Calculate z(a).
-3
Let z(f) = -f**2 - 6*f - 1. Suppose 3*w + 5*d = 14, 2*d - 6 = -w - 1. Let p be (w/(-2))/((-6)/(-16)). What is z(p)?
7
Let h = 40 + -47. Let q(k) = 5*k**3 + 2*k**2 - 11*k - 10. Let l(s) = 4*s**3 + 3*s**2 - 10*s - 9. Let r(g) = 4*l(g) - 3*q(g). Give r(h).
-6
Let t(x) = -9*x + 3*x + 3*x + 1 + 4*x. Give t(-4).
-3
Let s(f) = -8*f**2 - 1. Suppose 8 = 4*o - 24. Let v = o - 7. Calculate s(v).
-9
Let p(b) = -b**2 - 3*b - 3. Let a(m) = 2*m - 5. Suppose 2*t + 0*t = 10. Let k be a(t). Suppose -5*z + 4*c = 32, -k*z + 0*z - 17 = c. What is p(z)?
-7
Suppose 4*i + 5*b - 35 = -i, -2*i - 3*b = -19. Let g = i + -8. Let k(l) = 4 + 5 + l - 7 + 4. Calculate k(g).
0
Let y be (1/(-36))/(2/(-6)). Let l(a) be the second derivative of 0*a**2 - a + 0 + 0*a**3 + y*a**4. Give l(1).
1
Let v(c) = 67*c**2 - 3*c - 3. Let x(h) = -22*h**2 + h + 1. Let d(j) = 2*v(j) + 7*x(j). Determine d(-1).
-20
Let y(d) be the first derivative of d**4/4 + 2*d**3 + d**2/2 + 6*d - 3. Let q = 15 + -21. Calculate y(q).
0
Let o be -2*(45/(-6))/3. Let i = 9 - o. Let g(q) = -i*q**2 + 3*q**2 - q**3 - 2*q**3. Give g(1).
-4
Let f(v) = 2*v + 0 - 2*v - v + 7. Suppose 3*j - 5 = 2*j. Determine f(j).
2
Let n be (11/(-33))/((-2)/(-18)). Let r(s) be the second derivative of s - 2*s**2 + 0 + 1/20*s**5 + 1/4*s**4 - 2/3*s**3. Give r(n).
8
Let j(v) = v**2 - 6*v + 5. Let z be j(6). Let i(g) = 5*g + 4 - 2*g + 5 - 4*g. Calculate i(z).
4
Let g(s) = 4 - s + 7*s + 3*s - 1. What is g(-2)?
-15
Let h(p) = 12*p**2 + p. Let u(f) = -5*f**2 - 3 - 7 - 12*f + f**3 + 0*f**3 + 15*f**2. Let a be 